et b = t - 195. What is the tens digit of b?
9
Suppose 0 = -4*g - 40 + 12. Let l be (-4)/(-14) - (-3 - (-887)/g). Let a = -73 + l. What is the units digit of a?
7
Suppose -3*j + 0*j - 1107 = 0. Let d = j + 913. What is the hundreds digit of d?
5
Let i(o) = -o**3 + 46*o**2 - 147*o + 222. What is the hundreds digit of i(30)?
2
Suppose -3*r + 1 = f - r, -3*f + 33 = -4*r. What is the units digit of (1302/12)/f*4?
2
Let o = 6998 - -2614. What is the tens digit of o?
1
Let r be (-1)/(-2)*(280*-2)/(-8). Suppose 3253 = 8*p - r. What is the tens digit of p?
1
Let a(s) = -7*s**3 + s + 12. Let l be a(-6). Let k = -616 + l. What is the tens digit of k?
0
Let p = -77 - -77. Suppose -4*k + 219 + 965 = p. What is the units digit of k?
6
What is the hundreds digit of (-1 + -7 - 45589)*(-4)/12?
1
Suppose -4*p - r + 80 = 28, 56 = 3*p + 5*r. Let d(l) = l**3 - 13*l**2 + 8*l - 10. Let m be d(p). What is the units digit of (1 - -4)/((-1)/m)?
0
Let q(v) = -v**3 + 49*v**2 + 64*v + 288. What is the hundreds digit of q(50)?
9
Let l(c) be the first derivative of 29*c**2/2 + 861*c + 93. What is the tens digit of l(0)?
6
Suppose -11*a + 7034 = -9*a. What is the tens digit of a?
1
Let m = 667 - 414. Suppose 0 = 247*r - m*r + 990. What is the units digit of r?
5
Let c(g) = 11*g + 18. Let d(t) = t**3 - 7*t**2 - 9*t + 5. Let w be d(8). Let i(q) = q**3 + 8*q**2 + 13*q - 1. Let j be i(w). What is the tens digit of c(j)?
7
Let y(q) = 74*q - 20. Let m = 13 - 7. Let n be y(m). Suppose 8*a = -0*a + n. What is the tens digit of a?
5
Let c(q) = 9*q**2 - 5*q - 34. Let z be c(14). Suppose 3*n + n = z. Suppose 4*x + 3*h - n = 0, -108 = -x - 4*h - h. What is the hundreds digit of x?
1
Let n(w) be the second derivative of w**5/20 - 5*w**4/12 + 10*w**3/3 - 37*w**2/2 + 3*w + 9. What is the thousands digit of n(12)?
1
Suppose -5*r - 2*d = -2, 3*d = -0*r - 5*r + 3. Suppose 2*m = 2*i - 68, -3*i - 3*m - 12 + 120 = r. Suppose 0 = 3*s + 2*s - i. What is the units digit of s?
7
Let z be 40/(-50)*30/4. Let i(p) = 2*p**3 + 12*p**2 + p. Let f be i(z). What is the units digit of 92/f*(-51)/34?
3
Let r = -16394 + 21649. What is the thousands digit of r?
5
Suppose 0 = 6*q - 11*q - 10. Let j = -481 + 477. What is the units digit of (88 - -14)/(j/q)?
1
Let k = 11744 + -9137. What is the units digit of k?
7
Let s = 30510 - 20367. What is the thousands digit of s?
0
Let j be 3440/1 + (-7)/(-1). Let r = j - 1671. What is the hundreds digit of r?
7
Let t = -122 - -154. Suppose 29184 = 56*h - t*h. What is the units digit of h?
6
Suppose 0 = 2*y - 4*c - 19612, -371*y + 372*y = 4*c + 9802. What is the units digit of y?
0
Let x(v) = 810*v**2 - 362*v - 1842. What is the thousands digit of x(-5)?
0
Let p = 58 - 52. Suppose 65 = -2*y + p*y - 3*v, -2*y - 5*v + 13 = 0. What is the units digit of y?
4
Let f = -84 - -87. Suppose -3*h + 366 = q, -h - f*q + 55 + 67 = 0. What is the tens digit of h?
2
Let c = -216 + 225. What is the hundreds digit of (c/6)/((-9)/4)*-408?
2
Let n(f) = -10*f - 57. Let b be n(-6). Suppose -3*r - 821 = -4*w, 0 = 5*w + b*r - 0*r - 1033. What is the units digit of w?
6
Suppose 5 = -2*u + 13, 5*m + 5*u = 221705. What is the thousands digit of m?
4
Suppose -53*i + 41246 = -15570. What is the tens digit of i?
7
Let r(h) = 1378*h**2 - 386*h + 8. What is the hundreds digit of r(-3)?
5
Let u be ((-1)/(-2))/((-2)/8). Let h(t) = -6*t - 123. Let n be h(11). Let z = u - n. What is the tens digit of z?
8
Let i(o) = -2*o**3 + 14*o**2 + 12*o + 36. Let y be i(8). Let s = -1 - -5. Suppose s*u - 24 = -y*v + 8*u, -6 = -5*v - 3*u. What is the units digit of v?
3
Let a(s) = 2*s + 36. Let f be a(12). Let y be 2 - 0/(5 + -3). What is the tens digit of y + f + (-8 - -5)?
5
Let i(c) = -30*c - 89. Let p be i(-5). What is the hundreds digit of ((-1918)/(-2))/(p - 60)?
9
Suppose -4*w - 408 = -j + 807, 2*w + 6003 = 5*j. What is the units digit of j?
9
Let t(h) = -4*h - h**3 - 2 - 14*h**2 + h**2 + 6*h**2 + 8*h**2. Let d be t(-3). Suppose -4*m - 239 = -3*s, s - 31 - d = 4*m. What is the units digit of s?
1
Let k(b) be the first derivative of 13*b**4/24 - 13*b**3/3 - 11*b**2 - 28. Let y(h) be the second derivative of k(h). What is the hundreds digit of y(20)?
2
Let o = 474 + 203. Let x = o + -139. What is the hundreds digit of x?
5
Suppose -4*a - 33406 = -2*v, -v + 3*a + 10735 = -5969. What is the thousands digit of v?
6
Let z = 419 - -2130. Suppose 3*k + 4*y = z, 0 = -2*k - 5*y + 432 + 1279. What is the hundreds digit of k?
8
Let d(t) = 25*t + 20. Let z(q) = q**3 + 2*q**2 - 18*q - 12. Let u be z(-5). What is the tens digit of d(u)?
9
Let o(w) be the first derivative of 18*w**2 - 4*w - 30. What is the hundreds digit of o(14)?
5
Let m = 953 + -661. Suppose 4*n - 4*i - 560 = 0, 0 = -2*n + 7*i - 2*i + m. What is the tens digit of n?
3
Let g be (-2 + 0)*(-60)/8. Let w(p) be the first derivative of 7*p**2/2 - 10*p - 93. What is the tens digit of w(g)?
9
Let i(y) = -66*y - 42. Let o be i(-16). Let a = o + -669. What is the hundreds digit of a?
3
Let t = -333 + 353. Suppose -t*h + 1818 + 5922 = 0. What is the units digit of h?
7
Suppose 199360 = 38*x + 12286. What is the units digit of x?
3
Suppose 0 = s - 4 - 0. What is the tens digit of (477/(s + -1))/((-2)/(-10))?
9
Suppose 2*b + 140 + 160 = 0. Let t = -8989 - -8668. Let z = b - t. What is the tens digit of z?
7
Let f(k) = -116*k**3 + 144*k**2 + 1005*k. What is the ten thousands digit of f(-7)?
3
Let r be (-8)/(-2) - 1/((-3)/(-57)). Let j = r + 14. Let h = 219 - j. What is the units digit of h?
0
Suppose -4*f - f + 5 = q, -8 = -4*f. Let x(i) = 30*i**3 - 8*i**2 + 4. Let g(t) = t**3 - t**2. Let h(b) = q*g(b) + x(b). What is the tens digit of h(2)?
9
Let q(p) = -2615*p**3 - 2*p**2 - 5*p - 3. What is the units digit of q(-1)?
5
Let u(g) = 46*g**2 - 1285*g - 151. What is the tens digit of u(46)?
7
Let w be (-6*1)/(-3) - 72/(-2). Let i = w - 48. Let u = i + 72. What is the units digit of u?
2
Let t be -4*2*(-4)/16. Let c(i) = -2*i + 20*i**t - 19*i**2 - 3*i + 14 - 4. What is the tens digit of c(-6)?
7
Let z(w) = 3*w**3 - 11*w**2 + 8*w - 8. Let r be (-1)/((-1)/2) - -2. Let k be z(r). What is the tens digit of (-9)/(k/(-102) + (-1)/(-3))?
5
Let g(p) = -275*p + 25. Let i be g(-6). What is the hundreds digit of i/5 - (-1 - 6)?
3
Let g = 65 + -69. Let i be ((-3)/9 + g/(-12))/4. What is the hundreds digit of ((-416)/(-16))/(i + (-2)/(-17))?
2
Let b(c) be the first derivative of -c**3/3 + 5*c**2/2 + 158*c - 44. What is the hundreds digit of b(0)?
1
Let a(t) = 106*t**3 - 2*t**2 + 38*t - 64. What is the thousands digit of a(6)?
2
What is the hundreds digit of -12 - -2 - 206076/(-12)?
1
Suppose 7*l - 6*l = -2*x + 2023, -3*x - 4*l = -3022. Suppose x = 3*d + 3*z, -1654 = -5*d + z + 3*z. What is the hundreds digit of d?
3
Suppose 787658 = 180*q - 1458562. What is the units digit of q?
9
Let h = 26048 + -12618. What is the tens digit of h?
3
Let i(q) = -2152*q - 183. What is the thousands digit of i(-2)?
4
Suppose 0 = 6*t - 32787 - 10851. What is the thousands digit of t?
7
Let b be -1 - (6/27 + (-11)/9). Let g be 21 + 1/(2 + -3 + b). What is the tens digit of 3084/g - (-1)/(-5)?
5
Let l = 276 - 283. Let s(b) = 10*b**2 - 13*b + 2. What is the hundreds digit of s(l)?
5
Let u = 86963 + -60087. What is the units digit of u?
6
Suppose 0 = -z + 4*s + 106, 4*z - 4*s = 87 + 397. Suppose 58 + z = a. What is the units digit of a?
4
Let a(d) = -4*d**3 - 21*d**2 - 40*d + 1. What is the units digit of a(-12)?
9
Let x = -22887 - -30027. What is the thousands digit of x?
7
Let g be ((-88)/(-198))/(2/9). Suppose g*x - 645 - 197 = 0. What is the hundreds digit of x?
4
Suppose 126*o - 131*o - 4*z = -160743, -32141 = -o + 3*z. What is the ten thousands digit of o?
3
Suppose -15*y + 66752 + 137361 = 18488. What is the ten thousands digit of y?
1
Let z(h) = 104*h**2 - 45*h + 361. What is the hundreds digit of z(9)?
3
What is the tens digit of (-21366)/63*((-14)/3)/((-100)/(-75))?
8
Suppose 2*r - 3 = -5*f, 2*r - 7*r - 5*f + 15 = 0. What is the tens digit of r - (-27 + 2 - -4)?
2
Let b = -3019 + 5356. What is the units digit of b?
7
Suppose 181*i - 136 = 173*i. Let h = 363 + i. What is the units digit of h?
0
Suppose 8*m - 219 = -12723. Let h = -1064 - m. What is the units digit of h?
9
Let n = 67636 + -21412. What 